t is s(6)?
5
Let c(t) = t**2 - 10*t - 10. What is c(8)?
-26
Let b(y) = 5*y**2 + 44*y + 10. Calculate b(-10).
70
Let u(t) = t**3 + 5*t**2 - 2*t + 1. Determine u(-5).
11
Let r(l) = -l**3 + 4*l**2 + l + 4. What is r(4)?
8
Let n(r) = -2*r**2 + 7*r + 15. Calculate n(-3).
-24
Let b(i) = i - 6. Give b(3).
-3
Let g(y) = -y**3 - 6*y**2 + 3*y - 3. Calculate g(-5).
-43
Let g(v) = 3*v**2 - 2*v + 2. Determine g(3).
23
Let f(v) = 26*v - 59. Give f(2).
-7
Let f(s) = -3*s**3 - 50*s**2 - 31*s + 8. Calculate f(-16).
-8
Let g(t) = -14*t**2 + 56*t - 8. What is g(4)?
-8
Let z(n) = n**2 - 10*n + 27. What is z(7)?
6
Let a(f) = -2*f**2 + 20*f + 2. Give a(10).
2
Let t(y) = y**3 - 5*y**2 - y - 2. Determine t(6).
28
Let l(x) = -2*x + 7. Determine l(2).
3
Let f(x) = -x**3 + 3*x**2 + 2*x. What is f(-2)?
16
Let n(x) = x - 32. What is n(13)?
-19
Let v(c) = -c**2 - 15. Determine v(0).
-15
Let x(d) = -17*d - 162. Calculate x(-9).
-9
Let u(h) = 6*h + 26. Determine u(13).
104
Let u(d) = -12*d - 17. Give u(4).
-65
Let s(w) = -6*w + 4. Determine s(4).
-20
Let m(s) = 13*s + 24. Give m(-4).
-28
Let p(g) = g**2 - 7*g - 2. Determine p(6).
-8
Let c(u) = u**3 + 7*u**2 + 6*u - 4. Give c(-6).
-4
Let n(d) = -2*d**2 + 3*d + 18. Determine n(-3).
-9
Let a(b) = 14*b**3 + b**2 - 3*b - 4. Give a(-1).
-14
Let w(l) = -98*l + 485. Determine w(5).
-5
Let n(o) = o. What is n(7)?
7
Let c(i) = -4*i + 8. Give c(0).
8
Let u(b) = 4*b + 43. Calculate u(-9).
7
Let d(o) = -o**3 - 10*o**2 + 18*o + 6. Determine d(-12).
78
Let h(i) = 2*i**3 + 19*i**2 + 7*i - 15. What is h(-9)?
3
Let t(g) = -5*g - 77. Calculate t(-16).
3
Let i(a) = a**2 + 14*a + 7. Determine i(-11).
-26
Let y(d) = 2*d + 24. Determine y(-7).
10
Let o(a) = a**2 + 10*a - 40. Determine o(-13).
-1
Let k(t) = t**3 + 14*t**2 + 14*t - 12. Give k(-13).
-25
Let d(v) = -v**2 - 60. Give d(0).
-60
Let y(w) = w - 13. Determine y(6).
-7
Let t(v) = 6*v**2 - 20*v + 56. What is t(3)?
50
Let m(l) = 9*l**2 + 9*l + 21. Determine m(-5).
201
Let v(c) = c**2 + 10*c - 12. Determine v(-11).
-1
Let w(s) = 51*s - 1172. Determine w(23).
1
Let d(f) = 102*f - 605. Give d(6).
7
Let u(p) = 72*p + 4. Give u(-1).
-68
Let c(s) = -s**3 + 6*s**2 - 4*s + 3. What is c(6)?
-21
Let c(x) = -11*x + 156. Give c(14).
2
Let z(k) = -2*k + 2. Determine z(0).
2
Let t(u) = 3*u - 1. Give t(1).
2
Let g(b) = -b**3 + 16*b**2 + 34*b + 42. What is g(18)?
6
Let j(w) = w**2 - 13*w - 7. Give j(9).
-43
Let y(q) = 2*q**2 + 2*q. Give y(0).
0
Let u(b) = 3*b + 4. Determine u(-5).
-11
Let h(n) = -2*n + 6. Give h(3).
0
Let q(j) = -28*j + 3. Calculate q(2).
-53
Let f(k) = -k**2 + 19*k - 89. Determine f(10).
1
Let c(g) = -g**2 - 23*g - 124. Give c(-8).
-4
Let f(i) = -2*i**2 - 25*i + 8. Calculate f(-14).
-34
Let x(k) = -k**3 - 3*k**2 + 8*k + 11. What is x(-4)?
-5
Let j(m) = m**2 + 4*m - 6. Give j(-4).
-6
Let k(m) = -2*m**2 - 14*m - 4. Calculate k(-7).
-4
Let u(h) = -h**2 - 7*h + 37. What is u(-11)?
-7
Let v(j) = 10*j**3 - 3*j**2 + 2. Determine v(1).
9
Let h(f) = 2*f**2 + 47*f - 109. Calculate h(-26).
21
Let a(i) = -i**3 + 12*i**2 - 18*i - 6. Determine a(9).
75
Let o(v) = -v**3 + 4*v**2 + 32*v - 6. Give o(8).
-6
Let v(c) = -5*c + 14. Determine v(7).
-21
Let q(m) = -m**3 + 4*m**2 + 5*m + 7. Determine q(5).
7
Let z(w) = -w**2 - w - 5. Give z(5).
-35
Let x(t) = -6*t + 40. What is x(6)?
4
Let o(y) = 2*y**2 - 3*y + 3. What is o(4)?
23
Let k(o) = 4*o - 1. Calculate k(-1).
-5
Let m(k) = k**2 + 10*k - 14. What is m(-10)?
-14
Let m(q) = -q**3 + 5*q**2 + 11*q - 6. Determine m(7).
-27
Let j(w) = -w**3 - 8*w**2 + 13*w + 30. What is j(-8)?
-74
Let t(d) = -d**3 + 10*d**2 - 16*d + 17. Calculate t(8).
17
Let u(s) = 3*s - 3. What is u(2)?
3
Let o(x) = x**3 - x**2 - 3*x + 2. Give o(2).
0
Let d(g) = 3*g**2 - 5*g. Calculate d(4).
28
Let d(z) = 96*z - 280. What is d(3)?
8
Let m(l) = -10*l + 68. Calculate m(6).
8
Let y(i) = -i**2 + 20*i - 54. Determine y(16).
10
Let u(t) = 4*t - 78. What is u(19)?
-2
Let f(w) = -w**3 - 14*w**2 + 17*w + 18. Calculate f(-15).
-12
Let u(c) = -56*c + 174. Determine u(3).
6
Let g(f) = -f**3 - 2*f**2 + 6*f + 6. Calculate g(-3).
-3
Let y(j) = -15*j + 64. Give y(5).
-11
Let z(q) = -q**3 + 2*q**2 + 25*q - 12. Calculate z(6).
-6
Let s(m) = m**2 + 11*m - 5. What is s(-11)?
-5
Let n(f) = -f**3 + 10*f**2 - 19*f - 1. Give n(6).
29
Let z(m) = m**2 - 4*m - 23. What is z(8)?
9
Let y(f) = -f**3 - f**2 + 2*f + 2. Calculate y(0).
2
Let c(m) = m**2 + 11*m - 23. What is c(-13)?
3
Let s(j) = 4*j + 31. What is s(13)?
83
Let r(k) = -k - 3. Calculate r(-8).
5
Let u(f) = 3*f**2 + 3*f + 4. What is u(0)?
4
Let v(g) = g**2 + 4*g - 13. Calculate v(-5).
-8
Let y(t) = t**2 + 3*t + 1. Give y(-1).
-1
Let g(j) = j**2 + 61*j - 1137. What is g(15)?
3
Let g(d) = -5*d**2 + d + 2. Give g(1).
-2
Let j(v) = -v**3 - 5*v**2 + v + 6. Give j(-4).
-14
Let p(k) = -9*k. What is p(-3)?
27
Let t(m) = m**3 + 10*m**2 - 2*m + 14. What is t(-10)?
34
Let m(v) = -6*v + 10. Calculate m(-3).
28
Let l(x) = 3*x - 26. What is l(6)?
-8
Let f(o) = o**3 - 3*o**2 + 5. Determine f(4).
21
Let p(u) = -u**3 - 8*u**2 + 8*u + 3. Calculate p(-9).
12
Let p(b) = -43*b**2 + 2*b - 1. Calculate p(1).
-42
Let s(f) = f**2 - 15*f - 55. What is s(-3)?
-1
Let z(q) = -5*q**2 + 23*q - 1. Determine z(5).
-11
Let t(i) = i**3 + 4*i**2 - i - 2. Determine t(-1).
2
Let f(z) = 5*z**3 - 40*z**2 - 2*z + 19. Determine f(8).
3
Let s(u) = -u**2 - 9*u + 266. Determine s(-21).
14
Let p(k) = k**2 + 5*k - 6. Give p(0).
-6
Let h(l) = 2*l**2 + 3*l - 22. Give h(0).
-22
Let g(q) = 39*q - 396. What is g(10)?
-6
Let h(c) = 3*c - 3. Determine h(13).
36
Let g(y) = -55*y + 605. What is g(11)?
0
Let q(y) = -55*y**2 - 1. What is q(-1)?
-56
Let h(k) = -13*k + 254. Calculate h(20).
-6
Let a(i) = 20*i + 149. Calculate a(-8).
-11
Let n(y) = -y**3 - 3*y**2 - 3*y - 2. Determine n(-3).
7
Let a(b) = b**2 + 8*b - 18. What is a(-11)?
15
Let o(w) = w**2 - 8*w - 19. Determine o(11).
14
Let k(g) = 2*g**3 - 8*g**2 - 16. What is k(6)?
128
Let n(w) = 37*w**2 + 7*w + 1. Determine n(2).
163
Let z(u) = u + 34. Determine z(14).
48
Let v(l) = l**2 + 3*l + 3. What is v(-2)?
1
Let t(x) = -2*x**2 - 6*x - 4. What is t(-4)?
-12
Let j(q) = -q**3 - 7*q**2 + 8*q - 7. What is j(-8)?
-7
Let n(o) = o**3 + 36*o**2 - 40*o - 110. Determine n(-37).
1
Let r(q) = q + 15. Determine r(-7).
8
Let s(u) = u**3 - 22*u**2 + 24*u - 59. What is s(21)?
4
Let j(k) = -23*k + 143. Give j(6).
5
Let m(v) = 12*v + 21. Calculate m(-6).
-51
Let k(h) = 2*h**3 - 14*h**2 - 2*h - 3. What is k(7)?
-17
Let c(l) = l**2 - 26*l - 26. Calculate c(27).
1
Let q(g) = -g**2 + 10*g. Calculate q(10).
0
Let u(y) = y**3 + 14*y**2 + 11*y - 52. Calculate u(-13).
-26
Let p(w) = -78*w**2 + 1. Calculate p(-1).
-77
Let b(n) = 3*n**2 + n. Determine b(-1).
2
Let n(g) = 16*g**3 + 4*g**2 - 2. Calculate n(-1).
-14
Let x(h) = 3*h**2 + 6*h. What is x(-4)?
24
Let c(y) = -129*y - 129. Give c(-1).
0
Let t(j) = -2*j - 10. What is t(-6)?
2
Let a(z) = 9*z + 9. Calculate a(-8).
-63
Let y(z) = z - 12. What is y(18)?
6
Let s(a) = -26*a - 6. What is s(-1)?
20
Let y(w) = -2*w**2 - 2*w + 8. What is y(-6)?
-52
Let u(d) = 3*d**2 - 41*d - 3. Give u(14).
11
Let j(p) = p**2 - 3*p + 3. What is j(3)?
3
Let v(h) = -h**2 - 12*h + 17. Calculate v(-14).
-11
Let v(n) = 26*n + 11. Give v(0).
11
Let f(g) = -g**2 + 5*g + 30. Give f(10).
-20
Let k(s) = -4*s**2 + 23*s - 5. Calculate k(6).
-11
Let y(m) = -m**3 - m**2 + 2*m + 1. Determine y(0).
1
Let k(w) = w**3 + w**2 - 12*w + 2. Determine k(-4).
2
Let a(y) = -y**3 - 8*y**2 + 6. Determine a(-8).
6
Let z(m) = -m**3 - 12*m**2 - 27*m + 4. Calculate z(-9).
4
Let r(x) = 5*x + 32. Calculate r(-7).
-3
Let b(k) = 3*k + 10. Calculate b(-8).
-14
Let w(d) = -2*d**3 - 2*d**2 + 4*d + 8. What is w(2)?
-8
Let u(l) = -6*l**3 - 2*l**2 + l + 1. Determine u(1).
-6
Let l(d) = -d**3 + 15*d**2 - 14*d - 31. Calculate l(14).
-31
Let c(a) = -2*a**2 - 2*a + 12. Determine c(2).
0
Let f(n) = -n**3 - n**2 - 2*n + 1. What is f(-3)?
25
Let t(j) = j**3 + 6*j**2 + 11*j - 5. Determine t(-6).
-71
Let o(f) = -7*f**2 - 18*f - 9. Give o(-4).
-49
Let n(j) = -22*j - 81. Determine n(-4).
7
Let a(r) = r**3 - 3*r**2 + 5*r + 5. Calculate a(-4).
-127
Let u(l) = l**2 - 28*l + 148. What is u(20)?
-12
Let v(g) = -g**2 + 17*g + 66. Calculate v(20).
6
Let u(r) = -r**2 - 11*r + 26. What is u(-14)?
-16
Let r(j) = j**2 - 2*j